alue of -27 - (-98 - (-21 + 19 + -13))?
56
Evaluate 13 + (5 - 98 - -44).
-36
What is the value of 18 + (-3 - 0) + -23 + (3 - (4 - 4))?
-5
What is 21 - (-20 - ((-17 - -1) + -21))?
4
What is -131 + (159 - 94) + -85?
-151
What is the value of -44 + 49 + -113 + 68?
-40
Evaluate 14 - (-8 - (-4 - 10 - -11)).
19
Evaluate 394 + -387 + -45 + 0.
-38
Evaluate (59 - 1) + 54 + -29 + -9 + -19.
55
Evaluate -4 + 16 + -4 - (-38 - 0 - (108 + -119)).
35
What is the value of -56 - 0 - (5 + -9) - (-44 - (-49 - 7))?
-64
What is the value of 4 + 2 + (17 - 10) + 16 + 4?
33
Evaluate (18 - (61 - 53)) + -3 + (-67 - (-1 + 2)).
-61
What is the value of -23 + 0 + -3 + 9 + -11 + 4?
-24
What is the value of (-16 - (37 - 73)) + (2 - -18)?
40
What is the value of -3 - 16 - (3 - (-24 + 33))?
-13
What is 1 + -13 - (-12 - -159 - (78 + -27))?
-108
What is -6 - ((83 + -87 - (2 - 4)) + 61)?
-65
(-11 - -13) + -16 + 21 + -70
-63
What is -13 - ((-28 - -24 - (-3 + -4 - 68)) + 9)?
-93
2 + 31 + (485 - 545) + 44
17
What is the value of (13 - 53 - -138) + -40?
58
What is the value of 38 - ((72 - (59 + -23)) + 58)?
-56
What is -19 + (514 + -425 - (1 + 27))?
42
16 + -8 + -16 + -3 + 2 + 47 + 1
39
What is 33 + -27 - ((30 + -26 - -8) + 1 + 7)?
-14
What is the value of (-44 + 11 - (-57 - -12)) + 0 + -42?
-30
Evaluate (3 - 11) + -21 + (13 - (27 - 7)).
-36
Calculate 35 + (-10 - 22) + -27.
-24
Evaluate -2 - 0 - (27 + -19 + 61).
-71
What is -9 - (-19 - (15 + (4 - -39) - 8))?
60
63 + 1 + -3 + 7 + (-1 - 18)
49
What is -6 + (-39 + 12 - -31) + -3 + 2 + 53?
50
What is -20 + (5 - 4) - 5 - -68?
44
11 + (-4 + 1 - 22) - (2 + 70)
-86
What is -96 + (-3 - -212) + -239?
-126
-3 - (17 + (14 - 13) - (-2 + 4 - -3))
-16
Calculate 8318 + -8246 + (0 - 103).
-31
Calculate 14 + -6 + (6 + 14 - 11).
17
What is -10 + (-7 - -5) - (-26 - 40 - -14)?
40
-5 + 51 + (1 + -2 + 2 - 1) + 3
49
Calculate 14 - (-60 - -61 - (-9 + (-1 - -4))).
7
Evaluate (14 - 58) + -50 - (-3 + (2 - -1 - 2)).
-92
-185 - -144 - (-10 + 66 - 2)
-95
What is -53 + 111 - 49 - (-3 + 8)?
4
Calculate -11 + 12 + (-49 - -59 - (10 + (3 - 0))).
-2
20 - -11 - (13 + -24 + 31)
11
What is the value of 29 + (14 - 48) + (92 - 7)?
80
What is the value of (-8 - (26 + -5 + -25)) + (-37 - 2)?
-43
What is the value of 153 + (-136 - (-105 + 108))?
14
(-27 - (56 + -24)) + 0
-59
57 - (-8 + 0 + 7 + 3 + -12 + 7)
60
(-1 - 5 - (472 + -488 - (1 - 17))) + 72
66
What is (46 - (1 + 17)) + -100 + 4?
-68
Calculate -7 - ((12 + -13 - 9) + 11 + -22).
14
-445 + 422 + 1 + -5 + (-4 - (3 + -9))
-25
13 + -12 + -5 + -113 + 48
-69
Evaluate -65 + -44 + -17 - -62.
-64
32 - (-42 + 54 + 12)
8
Calculate 25 - -7 - (8 + -1 - ((63 - 34) + -18)).
36
What is 13 + -132 + 9 + 106 + -85?
-89
What is 496 - 429 - (8 - 11 - -8 - (2 + 3))?
67
Calculate (1919 - 1913) + -1 + -3.
2
Evaluate 113 - (68 - 43 - (-8 + 12)).
92
Evaluate -18 - (-5 - (12 + -14 - 17) - -3).
-35
-29 + (38 - (-40 - -35))
14
What is -60 + (-25 + 14 - -13) - -6?
-52
What is the value of -102 - -29 - -42 - 16?
-47
Calculate (14 - (1 + -1 + 2)) + -9814 + 9820.
18
What is the value of 30 - (-19 - (-214 - -94))?
-71
Evaluate (8 - (-35 - -32)) + 66.
77
51 + (-2 - -3) + (6 - (-22 + 31))
49
42 - (-102 + 148) - (-13 - (2 + -2))
9
Evaluate -13 + -2 + 209 + -193 + (-51 - (2 - 1)).
-51
What is (-5 - (0 + 3)) + (14 - -8 - 20) + 32?
26
What is -17436 + 17456 - (55 + (-2 - -2))?
-35
0 - -13 - (-26 + 18 + 4 + -2)
19
Calculate -46 + -82 + 124 + 54 + 0.
50
Evaluate -2 - 4 - (-18 - (3 + -2 - (48 - 37))).
2
What is -50 - -10 - ((-86 - -58) + (0 - -15))?
-27
What is the value of -15 - -72 - 66 - (-36 + -2)?
29
What is 7 + -44 - (101 - 57) - (2 + -3 + -4)?
-76
Evaluate (9 + -18 + 10 - 5) + -77 + -36.
-117
Calculate (-18 - -38) + (19 - 99).
-60
What is 11 - (1 + (-29 - (-2 - 16)) + -8)?
29
(6 - 2) + (-2707 - -2730)
27
-1 + 40 + (1656 - 1739)
-44
44 - (-13 - -27 - 5) - ((-1 - 5) + 1)
40
What is 10 - (4 + 64 + -26 + 9)?
-41
Calculate (-413 - -437 - (0 + 6)) + -14.
4
Evaluate (1 - 13) + -26 + 50 + 4 - 64.
-48
44 + -106 + 53 + -75
-84
Calculate 18 + (-3 - -21 - 23) + -44.
-31
7 - -6 - (21 + 3 + -17)
6
What is -57 - (-90 - -9) - (-9 + 85)?
-52
-8 + (18 - 11) + 38 + (-9 - 4)
24
Evaluate 12 + -29 + -10 + 29 - (52 - 0).
-50
What is the value of (-8 - 0) + (-1 - 47 - (-440 - -387))?
-3
Evaluate 6 + -9 + -96 + (43 - 42) + -19 + 29.
-88
(270 - 114) + (-1 - 8) - (20 - 1)
128
Evaluate 2 + 2 + (0 + (4 - 11) - (-35 - -21)).
11
Evaluate (0 - (2 + (2 - 3))) + (-101 - (-257 - -164)).
-9
56 - (-25 - (4 - (39 + -21)))
67
(2 + 0 - (-34 - -1)) + -449 + (26 - -410)
22
What is -3 - -2 - -2 - (-32 + 116 + -34)?
-49
What is the value of (0 + 5 - (43 - 43)) + (-8 - -5 - -44)?
46
What is the value of 28 + -83 + (108 - 50)?
3
Calculate 15 + 0 + -15 + (-23 + 33 - 39 - 71).
-100
Calculate (2 - 75) + (-85 + 45 - (-14 + -5)).
-94
Calculate (5 - -16) + (-2 - 2) + 2 + (0 - 8).
11
What is the value of (-3 - -3) + -19 - (-3 - (-13 + 11 - -5))?
-13
What is 414 - 426 - (-48 - 7)?
43
What is -103 + 104 - 17 - (3 + -2 - -35)?
-52
What is -6 - (-43 + (2 + -5 + 40 + -35 - 8))?
43
What is the value of (22 - (-14 + 45)) + (3 - 6) + 151 + -7?
132
What is (-43 - (12 + -9)) + 14 - -16?
-16
Evaluate 0 + 30 + (-19 - (107 - 26)).
-70
3 + 4 + (10136 - 10261) + (0 - -19) + 1
-98
What is (66 - 0) + 906 + -941?
31
4 + 28 + -34 + -4
-6
Calculate (9 - -8) + (-1 - 5) + (-9 - -76).
78
Evaluate 13 + (-27 - 46) + 9 + 3.
-48
30 + 6 + (-17 - -8) + 1 + -6
22
42 + (-45 - -59) + 2 + -5 + -5
48
What is -26 + (7 - (-16 + -25))?
22
What is the value of -34 + (18 + -12 - -12 - 2)?
-18
-43 + 103 - (-83 + 80 - (-2 - 0) - -4)
57
(1 - 55) + (-2849 - -2873)
-30
202 + -74 + -137 - (12 - 1)
-20
Evaluate (-116 + 188 - 109) + -13 + 2.
-48
What is -56 + 59 - -8 - (3 - -12)?
-4
Calculate -15 + -8 + (4 - (-2 - 7)).
-10
What is 5 + (-43 - -26) + 14?
2
Evaluate -2 + -22 + (-5 + -2 - -7 - -19) + -10.
-15
What is (-1 + 0 - (11 + -14)) + 3 + (107 - 149)?
-37
What is the value of -50 + (-45 + 23 - -37 - 120)?
-155
(-9 - -2) + (84 - 135)
-58
What is the value of 631 - 561 - (45 - 1)?
26
-14 + (1 - (-5 - (11 + -3))) - -62
62
What is 0 + 20 - (-123 + 25 + 36)?
82
Calculate 0 + (-2 - (33 + -14)) + 3 - 25.
-43
Evaluate -1 + -22 - (-43 - (-56 + 19 + 12)).
-5
What is the value of 8 + (3 - 0) + 10 + -49 + 7?
-21
Calculate (13 - 18) + 73 + -32.
36
What is the value of -340 - -343 - (2 + -33 + 1)?
33
Evaluate 16 + (-23 + (-40 - -27) - -10).
-10
Evaluate -4326 + 4401 + -30 + 1.
46
Evaluate (-10 - -5) + 123 - (-3615 - -3633).
100
-9 + -2 - ((-32 - -30) + -7) - (92 + 3)
-97
What is the value of -7 + 2 + (0 - 11 - -1)?
-15
Evaluate (-2 - (1 - (-4 + 0))) + 143 + -158.
-22
Calculate -78 + 1 + (50 + -49 - 36) + 52.
-60
Evaluate (18 + -48 - -9) + -10 + -1 + 2 + -10.
-40
What is 52 - (-59 + 128) - (-4 - (-14 + -2))?
-29
What is the value of 57 + -75 + 23 - (-16 + (-2 - -4))?
19
(-202 - (-165 - -61)) + 9
-89
What is (26 - 80 - -118 - 71) + (-2 - (0 - 63))?
54
-5 + (0 - (6 + -1)) + -22 + 70 + -49
-11
Calculate 7 - 1 - (1 - 9 - (144 + -167 + 86)).
77
What is the value of 399 + -380 + (-4 - -7)?
22
(-4 - 12) + (30 - 11) + 42 + -7
38
(370 + -358 - (-17 + 3)) + 16
42
What is -12 + 2 + -3 + 5 + 2 + -13?
-19
What is 85 - (0 + -32 + 1008 + -973)?
82
Calculate (49 - -17) + -99 - -135.
102
What is (7 - (-18 - 9 - -51)) + -84?
-101
(31 - -159) + (30 - 130)
90
What is the value of -167 - (-164 - -4) - (-2 + 2 - -37)?
-44
Evaluate 109 + (-129 + 113 - -9).
102
Calculate 80 - (4 + (-1 - 14) - (0 + 8 - 22)).
77
What is (-64 - -44) + 55 - 30?
5
What is -30 - (-27 + 49 + -83)?
31
Calculate (-2 + 5 - (-33 + 2 + 5 + 20)) + -97.
-88
What is the value of (23 - 3 - -10 - 28 - (0 - -9)) + -97?
-104
What is 2 - -18 - 11 - (19 - 0) - (43 - -19)?
-72
What is 3 - (-14 + -5) - (238 + -211)?
-5
What is (-507 - -511 - (1 - 11)) + -15?
-1
What is -10 + 95 - 2 - 98?
-15
What is 2 - (-138 - 9) - (-16 - -51 - 41)?
155
What is 4 + -10 - ((-11 - 7) + 31)?
-19
Evaluate (47 - (28 + 5 + 2)) + -3.
9
What is (16 - ((9 - 2) + -3)) + (-2 - -66) + -6?
70
-3 + 1 + -7 + 4 - (-21 + -4)
20
Evaluate -88 + -4 + (28 - -27) + -25.
-62
What is the value of 5 - (4 + (-1 + (2 - 8) - 58))?
66
What is 16 + (-78 - 46) + 18 + 18?
-72
What is the value of -10 + 79 + 0 + -74?
-5
-3 + 6 + 80 - (450 + -446)
79
-1 + 6 + -1 - (-8663 - -8